 - 27*k - 50. Determine d(-4).
-22
Let d(q) = -q**2 - 138*q - 2067. Calculate d(-121).
-10
Let z(j) = j**2 - 2964*j + 8888. What is z(3)?
5
Let v(g) = -75*g - 832. What is v(-16)?
368
Let y(a) = 2*a**3 + 14*a + 42. Give y(0).
42
Let o(r) = 23*r + 5894. What is o(-255)?
29
Let o(s) = 792*s + 1606. Give o(-2).
22
Let y(v) = v**3 + 8*v**2 - 6*v + 144. What is y(-10)?
4
Let n(g) = -4*g**3 - 11*g**2 - 3*g - 22. What is n(-3)?
-4
Let f(o) = o**2 + 19*o - 293. Calculate f(-29).
-3
Let n(t) = -17*t + 1718. Determine n(101).
1
Let r(d) = 3*d**2 + 142*d - 2502. What is r(-61)?
-1
Let b(a) = -19*a**2 + 632*a - 164. Give b(33).
1
Let h(o) = -2*o**2 - 677*o - 7841. Determine h(-12).
-5
Let z(y) = y**2 - 80*y + 802. What is z(71)?
163
Let c(o) = o**3 + 58*o**2 + 60*o + 183. Calculate c(-57).
12
Let u(s) = s**3 - 21*s**2 + 14*s + 141. Give u(20).
21
Let o(i) = -81*i - 3542. Give o(-44).
22
Let c(m) = m**3 + 12*m**2 + 25*m + 84. Calculate c(-7).
154
Let j(x) = 52*x + 2450. Calculate j(-46).
58
Let n(f) = -8*f - 177. Give n(-8).
-113
Let o(w) = -w**3 - 19*w**2 - 79*w + 11. Determine o(-9).
-88
Let u(a) = -107*a - 1587. What is u(-15)?
18
Let n(f) = -118*f**3 - 18*f**2 + 8*f + 9. Give n(1).
-119
Let d(p) = p**2 - 24*p - 75. Determine d(24).
-75
Let o(i) = -i**3 + 146*i**2 + 146*i + 139. Give o(147).
-8
Let g(i) = 4158*i + 8321. What is g(-2)?
5
Let f(w) = -13*w**2 + 90*w + 5. Determine f(7).
-2
Let w(r) = 75*r**2 - 828*r + 78. What is w(11)?
45
Let k(g) = -899*g + 2690. What is k(3)?
-7
Let z(c) = c**2 + 11*c + 24. Determine z(-11).
24
Let p(s) = -4*s**2 - 455*s - 2723. Calculate p(-6).
-137
Let f(r) = 216*r + 3060. What is f(-15)?
-180
Let l(p) = -112*p + 353. Give l(-4).
801
Let a(y) = 497*y + 133. Determine a(0).
133
Let n(r) = 2*r**3 - 130*r**2 - 129*r - 207. Give n(66).
-9
Let u(i) = 8*i**2 + 332*i - 188. Give u(-42).
-20
Let g(z) = -z**2 - 29*z - 201. What is g(-11)?
-3
Let i(w) = 173*w + 731. Determine i(-4).
39
Let u(o) = -o**3 + 15*o**2 + 17*o - 17. What is u(16)?
-1
Let v(z) = -5*z**2 + 40*z + 20. Calculate v(9).
-25
Let s(j) = 2574*j + 25747. Calculate s(-10).
7
Let g(b) = 38*b - 81. Determine g(4).
71
Let s(q) = q**2 - 22*q + 115. Determine s(13).
-2
Let t(y) = 4*y**3 + 3*y**2 - 6*y - 7. Give t(3).
110
Let p(a) = 4*a**2 - 256*a + 1522. Determine p(6).
130
Let k(w) = 7*w**3 + 71*w**2 + 18*w + 80. Determine k(-10).
0
Let a(f) = 157*f - 635. What is a(4)?
-7
Let f(a) = 5*a**2 + 16*a - 15. Determine f(-5).
30
Let l(w) = -17*w**2 - 334*w + 137. Calculate l(-20).
17
Let x(b) = -10*b**2 - 59*b + 299. Give x(-9).
20
Let t(r) = 40*r**2 - 65*r - 384. What is t(4)?
-4
Let a(y) = y**3 + 3*y**2 - 142*y + 161. Calculate a(-14).
-7
Let i(f) = -4*f**2 - 189*f - 176. Determine i(-46).
54
Let p(u) = u**3 + 18*u**2 - 24*u - 589. Determine p(-19).
-494
Let x(g) = -299*g - 163254. Determine x(-546).
0
Let a(q) = -6*q**3 + 57*q**2 - 28*q + 15. Give a(9).
6
Let b(r) = 2*r**2 - 67*r + 534. Determine b(9).
93
Let q(i) = -26*i + 91. What is q(13)?
-247
Let y(c) = 2*c**3 + 28*c**2 + 8*c + 6. Determine y(-15).
-564
Let i(f) = 20*f**3 + 6*f**2 + 10*f + 5. Give i(-1).
-19
Let t(l) = -92*l - 8919. Calculate t(-97).
5
Let c(t) = -t**3 + 2*t**2 - t - 4. What is c(7)?
-256
Let r(f) = f**2 + 13*f + 49. Calculate r(-6).
7
Let z(n) = 8*n**2 + 26*n - 11. Determine z(-6).
121
Let d(m) = 46*m + 438. Give d(-12).
-114
Let v(x) = -120*x - 319. Determine v(-3).
41
Let a(m) = m**3 + 103*m**2 + 588*m + 639. Calculate a(-97).
57
Let h(y) = 24*y + 185. Calculate h(-7).
17
Let n(a) = 1678*a + 1661. Give n(-1).
-17
Let c(g) = g**3 - 5*g**2 - 117*g + 75. What is c(-9)?
-6
Let n(d) = 188*d + 920. What is n(-7)?
-396
Let t(v) = -v**3 + 12*v**2 + 69*v - 374. Calculate t(15).
-14
Let p(x) = -400*x - 50. What is p(0)?
-50
Let o(k) = 2*k**2 + 46*k - 24. Give o(-22).
-68
Let c(y) = 3*y**3 + 51*y**2 + 39*y + 23. Calculate c(-16).
167
Let v(s) = -27*s - 818. Give v(-29).
-35
Let l(x) = 4*x**3 + 208*x**2 + 187*x - 861. What is l(-51)?
6
Let c(a) = 64*a + 584. What is c(-13)?
-248
Let o(p) = p**3 + 33*p**2 + 73*p + 33. Give o(-31).
-308
Let r(u) = -4*u**2 + 28*u - 7. What is r(9)?
-79
Let g(c) = 2421*c + 31465. Determine g(-13).
-8
Let f(i) = -4*i**2 + 106*i - 432. Determine f(4).
-72
Let b(i) = -1362*i + 4112. What is b(3)?
26
Let m(l) = 799*l + 9592. Calculate m(-12).
4
Let s(v) = -5*v**2 - 35*v - 27. Calculate s(-6).
3
Let h(v) = -23*v + 290. What is h(13)?
-9
Let w(b) = b**3 + 31*b**2 - 38*b - 64. What is w(-32)?
128
Let p(u) = u**2 + 169*u - 1878. What is p(10)?
-88
Let n(b) = -4*b**3 + 71*b**2 + 316. Determine n(18).
-8
Let x(z) = 2*z**3 - 161*z**2 + 88*z + 124. Determine x(80).
764
Let n(f) = 1660*f + 19977. Calculate n(-12).
57
Let g(u) = 39*u + 756. What is g(-23)?
-141
Let x(t) = -3*t**3 + 31*t**2 + 216*t - 2263. Determine x(10).
-3
Let l(f) = f**3 - 25*f**2 + 68*f - 1. What is l(5)?
-161
Let u(q) = 323*q - 3155. What is u(10)?
75
Let x(y) = y**3 + 3*y**2 + y + 22. Determine x(-7).
-181
Let z(m) = 39*m + 862. Give z(-22).
4
Let a(s) = s**3 - 6*s**2 + 35*s - 56. What is a(5)?
94
Let r(g) = 175*g**2 - 171*g - 7. Determine r(1).
-3
Let r(o) = -o**3 + 5*o**2 + 20*o + 29. Calculate r(8).
-3
Let d(a) = a**3 + 66*a**2 - 268*a + 826. Give d(-70).
-14
Let h(p) = -87*p**2 - 276*p + 9. Calculate h(-4).
-279
Let a(p) = p**2 - 21*p - 44. What is a(10)?
-154
Let w(o) = -o**2 - 312*o + 8799. Give w(26).
11
Let n(q) = -206*q**2 - 617*q + 7. What is n(-3)?
4
Let f(l) = 2*l**3 - 18*l**2 - 35*l - 4. What is f(10)?
-154
Let d(r) = 3*r - 24. Determine d(-46).
-162
Let v(r) = -4*r + 6. Calculate v(-1).
10
Let t(x) = x**3 - 12*x**2 - 34*x - 13. Give t(15).
152
Let k(v) = v**2 - 70*v + 178. What is k(66)?
-86
Let o(t) = -2*t**2 + 22*t + 4. What is o(-4)?
-116
Let d(w) = -w**3 - 63*w**2 - 4*w - 243. Give d(-63).
9
Let r(c) = -34*c**2 + 240*c - 11. Determine r(7).
3
Let g(i) = 2*i**3 + 17*i**2 + 10*i + 46. Calculate g(-8).
30
Let p(o) = -3*o + 151. Determine p(19).
94
Let p(s) = 8*s**3 - 6*s**2 - 8*s + 7. Calculate p(1).
1
Let s(t) = t + 75. Calculate s(0).
75
Let h(n) = -1124*n - 98919. What is h(-88)?
-7
Let m(k) = 5*k**2 + 12*k - 2. Calculate m(4).
126
Let n(m) = 18*m - 30. Determine n(1).
-12
Let u(k) = -27*k**2 - 388*k + 46. Calculate u(-14).
186
Let w(d) = -10*d + 515. Give w(52).
-5
Let f(w) = 25*w + 1193. Determine f(-23).
618
Let s(b) = 194*b + 1155. What is s(-6)?
-9
Let s(q) = -q**3 + 32*q**2 + 192*q - 3127. What is s(35)?
-82
Let b(m) = -2*m**2 - 27*m - 45. What is b(-14)?
-59
Let w(u) = u**3 + 24*u**2 + 28*u + 117. Determine w(-23).
2
Let d(j) = j**3 - 16. Determine d(7).
327
Let t(k) = -2*k**3 + 104*k**2 - 287*k - 25. Calculate t(49).
318
Let v(f) = 3*f**3 - 113*f**2 - 45*f + 59. Give v(38).
-207
Let j(l) = l**3 - 69*l**2 - 65*l - 354. Calculate j(70).
-4
Let j(z) = z**3 + 13*z**2 - 53*z - 75. Give j(-16).
5
Let m(x) = -13*x + 5. Determine m(9).
-112
Let l(u) = u**2 + 67*u + 979. Determine l(-19).
67
Let a(s) = 7*s**3 + 6*s**2 + 19*s + 3. Determine a(-2).
-67
Let i(w) = w**3 - 99*w + 156. Calculate i(-10).
146
Let g(j) = j**2 - 33*j + 304. Give g(15).
34
Let i(a) = -2*a**3 - 129*a**2 - 918*a - 127. Determine i(-8).
-15
Let f(c) = 43*c - 1446. Give f(34).
16
Let g(r) = r**2 + 24*r - 285. Calculate g(8).
-29
Let d(i) = -6*i**2 - 319*i + 171. Determine d(-54).
-99
Let n(w) = -2*w**2 - 22*w - 81. What is n(-5)?
-21
Let s(f) = 13*f + 417. Give s(-22).
131
Let f(w) = -25*w - 466. Calculate f(-23).
109
Let f(n) = n**3 + 79*n**2 + 231*n + 229. Give f(-76).
1
Let p(x) = -57*x**3 + 93*x - 92. Give p(1).
-56
Let n(a) = -1783*a - 5335. Determine n(-3).
14
Let u(d) = 109*d - 7001. Calculate u(64).
-25
Let q(a) = 2101*a + 12589. Determine q(-6).
-17
Let t(l) = l**3 - 23*l**2 + 39*l - 45. Calculate t(21).
-108
Let p(d) = -d**3 + 187*d**2 - 968*d + 14. Determine p(5).
-276
Let n(r) = r**3 + 70*r**2 - 797*r + 227. Calculate n(-80).
-13
Let l(h) = 559*h + 743. Determine l(-2).
-375
Let p(s) = -s**3 - 44*s**2 + 42*s - 153. Determine p(-45).
-18
Let a(h) = 571*h - 1132. What is a(2)?
10
Let f(w) = -w**3 - 40*w**2 + 124*w - 153. Give f(-43).
62
Let t(q) = -q**3 - 30*q**2 - 81*q + 156. Calculate t(-27).
156
Let g(l) = 4594*l + 9194. What is g(-2)?
6
Let t(p) = 120*p**2 - 4*p + 12. Determine t(2).
484
Let y(t) = -1463*t + 55605.